 = -z - 4. Let v be h(5). Let y = v + a. What is the units digit of y?
6
Suppose 0 = -4*j - 0*j + 3*t + 2233, -5*j - 5*t + 2765 = 0. What is the tens digit of j?
5
Let u = -20 + 28. Let a = 84 - u. What is the tens digit of a?
7
Suppose -j + 1754 = 4*q, -j + 7*q = 3*q - 1770. What is the thousands digit of j?
1
Let w be 0 - (-129)/9*(7 + -4). Let q be -23 + (0 + -1)*1. Let n = q + w. What is the tens digit of n?
1
Let i be 1/4 + (-518)/(-8). Suppose -i = 4*m - 253. What is the tens digit of m?
4
Suppose -2*n = -3*u + 2, -n + 3 = -2*u + 4. Suppose 4 = y - u. Suppose 0*a = -2*a + 3*z + 44, -y*a - 5*z = -110. What is the tens digit of a?
2
Suppose 43*w - 39*w = 1168. Suppose 596 = 8*r - w. What is the tens digit of r?
1
What is the tens digit of 233 - (12/15)/(6/(-30))?
3
Let h = -38 - -63. Let o = 94 + h. What is the tens digit of o?
1
Suppose 2*r + 9*j = 10*j + 1333, -4*r + 2651 = j. What is the tens digit of r?
6
Let l = -427 + 1219. What is the units digit of l?
2
Suppose -5*n + 5*c + 30 = 0, 0 = -5*n - 2*c + 5*c + 22. Suppose 4*t = -2*k + 90, -5*k + n*k + 5*t = -135. What is the tens digit of k?
4
Let f(n) = -n**3 - 7*n**2 - 3. Let z be f(-6). Let w = z + 111. What is the units digit of w?
2
Suppose -29 = -8*v + 467. What is the tens digit of v?
6
Suppose -u = 10*u - 451. Suppose 0 = n + 4*n - 20. Suppose -187 = -n*x + u. What is the tens digit of x?
5
Let z(s) = s**2 + 5*s - 15. Let p be z(-7). What is the units digit of (29/(-5))/(p/5)?
9
Let t(a) = -a**3 + a**2 - 2*a + 4. Let l be t(0). Let s(x) = -10*x - 6 + x**2 - 5 + 1 - l. What is the tens digit of s(13)?
2
Let b(w) = -w - 5. Let v be b(-3). Let r be (-58)/7 + 4/28*2. What is the units digit of v*4/(r/23)?
3
Let a(k) = -k**3 + 9*k**2 - k + 13. Let u be a(9). Suppose -u*m = -2*r, 4*m + 1 = 5*r - 5. What is the tens digit of (-6)/(-12)*(m + 73)?
3
What is the thousands digit of 12/(60/6925) - -2?
1
Suppose 10 + 6 = 4*v. Suppose v*o = o + 15. Suppose o*c = 119 + 1. What is the tens digit of c?
2
Let g = 58 + -48. Suppose -403 = -4*s - 2*u - 15, 5*u = -g. What is the tens digit of s?
9
Let s be 11/(-22)*0/1. Suppose s = 4*k - k - 6. Suppose 13 = k*r - r. What is the tens digit of r?
1
Let o be (1*0/(-1))/(-1). Let b(m) = m - 19. Let n(q) = q. Let w(h) = -2*b(h) + 4*n(h). What is the units digit of w(o)?
8
Let b = 18 - 16. Suppose -4*v + k = -727, -b*v = -5*k + 8*k - 381. What is the tens digit of v?
8
Let s be (-4)/(-2) + -1 - -1. Suppose 0 = -s*t - t - 6, 5*c - 114 = -3*t. Suppose w = c + 3. What is the units digit of w?
7
Suppose -21*o + 15*o + 672 = 0. Suppose o + 35 = 7*w. What is the tens digit of w?
2
Let y(a) = 42*a**2 - 8*a - 4. What is the hundreds digit of y(3)?
3
Let t(p) = 9*p. Let n = -21 - -25. Let x be t(n). What is the units digit of (x/(-10))/(12/(-90))?
7
Let h = -409 + 710. What is the units digit of h?
1
Suppose -k - 5 = -4*z + 3*z, -4*k = z + 25. Let u be k/(-10)*(25 + -20). What is the tens digit of (3 - 5) + u + 44?
4
Let p be (-6)/(-45) + (-1839)/(-45). Let f be p/13 - 24/156. Let j(g) = 8*g**2 - g + 3. What is the units digit of j(f)?
2
Let r(c) = 5*c**2 - c. Let h be r(3). Let p(s) = s**3 + 5*s**2 - 6*s + 5. Let j be p(-6). Suppose -d = -h + j. What is the tens digit of d?
3
Suppose -190*w = -199*w + 7848. What is the hundreds digit of w?
8
Suppose 8*k = 5*k - 3*c + 2736, -k - 5*c + 908 = 0. What is the hundreds digit of k?
9
Let f = 1727 + -982. What is the tens digit of f?
4
Suppose -4*k - 8 = -3*q, 3*k + 6 = 2*q + 1. Let o be 3 - (q + 158/(-2)). What is the tens digit of 6*(-5)/((-45)/o)?
5
Let g = -18 - -29. Let r = 4 - g. Let q = 3 - r. What is the tens digit of q?
1
Suppose -2*a + 2*g + 2070 = 0, 23*g = -5*a + 27*g + 5179. What is the tens digit of a?
3
Let z(g) be the first derivative of 2*g**4 - g - 1. What is the units digit of z(2)?
3
Suppose -2*g = 3*x - 5521, -2*g = 3*x - g - 5525. What is the hundreds digit of x?
8
Suppose 8*i - 4*i = -120. Let t = -22 - i. Suppose 12*s = t*s + 224. What is the tens digit of s?
5
Let v = -5 + 12. Suppose -5*o = -v*o + 4. Suppose g + 149 = 5*a, 0 = o*a + a - 4*g - 86. What is the units digit of a?
0
Suppose 22*c - 21*c - 10 = 0. Let l be c/(-45) - 706/(-18). Let z = -25 + l. What is the tens digit of z?
1
Suppose 3*k = 2*d + 16, 4*k = d + 17 + 1. Let s = 0 + k. What is the units digit of (0 + 46/8)*s?
3
Let f = 2 - 2. Let u(g) = 4*g**2 - 4*g + 28. Let w(y) = -5*y**2 + 5*y - 27. Let m(c) = 6*u(c) + 5*w(c). What is the tens digit of m(f)?
3
Let s(g) = g + 1. Let q(c) = -56*c - 16. Let d(p) = -q(p) - 6*s(p). What is the hundreds digit of d(3)?
1
Let w = 63 + -59. Suppose -l + 5*z + 189 = 0, w*z - 643 = -2*l - l. What is the hundreds digit of l?
2
Let h = 21 + 3. Suppose 0*t = t - 5*s - h, 5*t - 4*s = 162. Suppose -t = -2*j - 0*j. What is the units digit of j?
7
Suppose 3*h + 3*x - 5 = 2*x, -x - 1 = 0. Suppose -3*v + g = 6*g - 246, 0 = -4*v - h*g + 342. What is the units digit of v?
7
What is the thousands digit of ((-36)/36)/(1/(-1429))?
1
Let j be 22/55 + (-682)/5. Let r = -77 - j. What is the units digit of r?
9
Let l(i) = i**3 + 2*i**2. Let k be l(-2). Suppose -91*b + 87*b + 368 = k. What is the tens digit of b?
9
Let p(d) be the first derivative of 1 - 1/2*d**2 - 2*d - 1/4*d**4 + 7/3*d**3. What is the tens digit of p(5)?
4
Let v(r) = r**2 + 7*r - 7. Let h be v(-8). Let o = 2 + h. Suppose -52 = -o*i + 38. What is the tens digit of i?
3
Let n = -1041 - -1256. What is the hundreds digit of n?
2
Let h be (12 - -1)*(4 + -6). Let a be (-3)/12 + h/(-8). Suppose -a*z - 30 = -75. What is the units digit of z?
5
Let g(j) = -13*j**3 + 16*j**2 + 41*j - 22. What is the tens digit of g(-7)?
3
Let n(h) = 8*h**2 + 9*h + 61. What is the thousands digit of n(-12)?
1
Suppose -2*x + 2*b = -3*b - 179, 398 = 5*x + 4*b. Let t = x - 7. What is the tens digit of t?
7
Suppose 2*c + 0*c = 14. Let p be 48/10 - c/(-35). Let m = p + 7. What is the tens digit of m?
1
Let c(h) = -h**3 + 9*h**2 - 17*h + 17. Let s be c(7). What is the units digit of (-24)/(-1 + s/8)?
6
Let v(p) = -5*p - 10. Let j be v(-5). Let l be 20/j*(-3)/(-1). Suppose -5*c = -l*c - 25. What is the tens digit of c?
2
Let u(s) = -69*s - 2. Let r be u(2). Let b be (-6)/(-9) - r/(-12). Let a(o) = -3*o - 7. What is the units digit of a(b)?
6
Let k = 1004 + -568. What is the units digit of k?
6
Suppose -13*k = -11*k - 974. What is the hundreds digit of k?
4
Suppose 4*p + 166 = 2*p. Let m = 196 + p. What is the tens digit of m?
1
Let f be (10/25)/((1 - -1)/(-50)). Suppose -k - 22 = -3*k. Let o = f + k. What is the units digit of o?
1
Let s be 0 + -1 + (12 - -3). Suppose -s*x = -9*x - 210. What is the tens digit of x?
4
Suppose 3 = 3*x, -3*z - 2797 = -7*z - x. What is the hundreds digit of z?
6
Let t(a) = a**3 + a. Let o(k) = 5*k**3 + 6*k**2 + k + 1. Let w(c) = o(c) - 6*t(c). Suppose -2*v + 10 - 2 = 0. What is the units digit of w(v)?
3
Suppose 9*l = 3208 + 320. What is the tens digit of l?
9
What is the tens digit of 2348 + 5 - (-5 + (-5 - -4))?
5
Suppose -18*s + 34251 + 4575 = 0. What is the thousands digit of s?
2
Suppose 14*s - 2349 = 12071. What is the tens digit of s?
3
Let v be ((-4)/3)/((-28)/(-210)). Let r(h) = -h**2 - 16*h - 5. Let y be r(v). Suppose -3*o + y = -5. What is the tens digit of o?
2
Let i be 42/9 - (-2)/6. Suppose 5*t + 0 = -3*r - 6, 6 = -4*t - 3*r. Suppose i*y - 116 - 64 = t. What is the units digit of y?
6
Let g = 1009 + -446. What is the hundreds digit of g?
5
Let z(w) = -4*w - 5. Let g be 10/(-25) + 162/5. Suppose 3*u + u = -g. What is the units digit of z(u)?
7
Suppose -b = 8*b - 18. What is the tens digit of b/(-1) + 12 + 10?
2
Suppose 21*c = 23*c - 10. Suppose -3*a = c*a - 408. What is the units digit of a?
1
Suppose 901 = -2*h + 2345. What is the units digit of h?
2
Suppose 0*u - 2*u = -8. Suppose -k - 163 = v - 2*v, -u*v = -5*k - 652. Suppose 2*d + 335 = 5*n, 0*d - v = -2*n - 5*d. What is the tens digit of n?
6
Let h(f) = f**3 + 6*f**2 - 14. Let p be h(5). Suppose 6*m = 9*m - p. What is the units digit of m?
7
Let j(l) = 9*l - 3. Let k be (-6)/2 + 25/5. Let u be j(k). Suppose 0 = -v + u + 9. What is the tens digit of v?
2
Suppose -9*w + 32 = -w. Suppose -12 = w*d - 0*d, -5*p = -4*d - 22. Suppose -4*k + 234 = k + 2*m, 87 = p*k + 3*m. What is the tens d